
-689260
In base 7, what is -46464 + 460?
-46004
In base 2, what is -110110011101 - -111101?
-110101100000
In base 11, what is 33 + 2379?
2401
In base 16, what is 0 - 12bd89?
-12bd89
In base 15, what is 3 - a850?
-a84c
In base 13, what is -b35 + 1c?
-b16
In base 5, what is -401030 - 304?
-401334
In base 6, what is -140 + -110305?
-110445
In base 11, what is -9a3 + a4?
-8aa
In base 6, what is -1503304 - 2?
-1503310
In base 7, what is 0 + -1036464?
-1036464
In base 14, what is -1b + 4cc6?
4ca9
In base 11, what is -1026 - 396?
-1411
In base 13, what is 1 - -5b37?
5b38
In base 8, what is 0 - -32006?
32006
In base 4, what is -1022 - -312032?
311010
In base 6, what is 13135210 + -2?
13135204
In base 12, what is 68254 + -3?
68251
In base 15, what is 46 + 45?
8b
In base 11, what is -129 + 1a52?
1924
In base 4, what is 32300 + -3?
32231
In base 11, what is 2387 - 113?
2274
In base 14, what is -2406dc - -5?
-2406d7
In base 14, what is -67 - -3547?
34c0
In base 5, what is -1043042 - -1043?
-1041444
In base 14, what is -3 - 149958?
-14995b
In base 8, what is 77312 - -5?
77317
In base 5, what is 10433 - 122?
10311
In base 15, what is -2 + -47eb?
-47ed
In base 6, what is 25122 - -450?
30012
In base 7, what is -124 - -1110?
653
In base 15, what is 0 + 3b2a?
3b2a
In base 11, what is 54 + -a00?
-957
In base 4, what is -2 - 33323203?
-33323211
In base 5, what is 224103420 - -3?
224103423
In base 15, what is 92d4 - 4?
92d0
In base 6, what is 5 - -10024032?
10024041
In base 8, what is 4 + -65622?
-65616
In base 9, what is -10 + 47468?
47458
In base 15, what is 3 + 41a2a?
41a2d
In base 16, what is 6a71 - 3?
6a6e
In base 13, what is -1c2aa + -7?
-1c2b4
In base 10, what is -3087418 + 1?
-3087417
In base 2, what is -100010010010010 + -100?
-100010010010110
In base 12, what is -238 - -22?
-216
In base 10, what is -150 + 716?
566
In base 15, what is 31a0 - -e?
31ae
In base 5, what is -123 - -402110?
401432
In base 14, what is -168b + -489?
-1b36
In base 5, what is -12443213 - -10?
-12443203
In base 3, what is 2000201 + -1110100?
120101
In base 9, what is -205587 - 2?
-205600
In base 8, what is 10762 - -71?
11053
In base 15, what is 4 + -8105?
-8101
In base 7, what is 5 + -2225435?
-2225430
In base 16, what is be95 + -4?
be91
In base 3, what is -200020111 - 2?
-200020120
In base 6, what is -14 + -122004?
-122022
In base 7, what is 1650 + 415?
2365
In base 15, what is 2bb + -1a?
2a1
In base 10, what is -2 + 677485?
677483
In base 6, what is 1030435 - 1?
1030434
In base 4, what is 1 + 1322113002?
1322113003
In base 16, what is 1c - 49ce?
-49b2
In base 7, what is 222 + -11455?
-11233
In base 15, what is 35cc8 - 1?
35cc7
In base 5, what is 12 + -304303?
-304241
In base 9, what is 5 - -27274?
27280
In base 13, what is -5a49 - 20b?
-5c57
In base 2, what is 10110 - 1100110101110?
-1100110011000
In base 9, what is 3442 + -2?
3440
In base 16, what is -54 + -29e?
-2f2
In base 5, what is -41 + 2230420?
2230324
In base 9, what is 41 - 102513?
-102462
In base 6, what is 235 + 5132?
5411
In base 10, what is 24 + 2892?
2916
In base 15, what is 6ac4 + d?
6ad2
In base 10, what is -948643 - -1?
-948642
In base 8, what is -3 + 170300?
170275
In base 7, what is 40 + -150013?
-146643
In base 10, what is -738 - -82?
-656
In base 5, what is 203 - 3201303?
-3201100
In base 13, what is -1901 + -25?
-1926
In base 7, what is 2546353 + -2?
2546351
In base 7, what is 0 - 311542?
-311542
In base 13, what is 7 - 46142?
-46138
In base 4, what is 113133 + -1032?
112101
In base 5, what is -102423420 - 0?
-102423420
In base 9, what is -3 - -138154?
138151
In base 5, what is -4 + 10132313?
10132304
In base 7, what is -21551645 + 0?
-21551645
In base 15, what is -23c - -18e?
-9d
In base 14, what is 3a2 + 1?
3a3
In base 4, what is 103 + 23210?
23313
In base 11, what is 29 + 511?
53a
In base 7, what is 11 + -134554?
-134543
In base 4, what is 3 - 131100223?
-131100220
In base 16, what is 53 + 373?
3c6
In base 8, what is -11432 - 1552?
-13204
In base 13, what is 8aa47 - 2?
8aa45
In base 12, what is 6788 + -26b?
6519
In base 5, what is -33234320 - 1?
-33234321
In base 8, what is 27 - -1262716?
1262745
In base 3, what is -10211200 + 201?
-10210222
In base 2, what is -111001111110001101111 + 0?
-111001111110001101111
In base 6, what is -1204 + 1401?
153
In base 7, what is 13 - 155320?
-155304
In base 6, what is 433 + -15305?
-14432
In base 5, what is 12011202 + 11?
12011213
In base 16, what is 1aeaf9 + -5?
1aeaf4
In base 8, what is 0 - 730463?
-730463
In base 13, what is 1 - -7242?
7243
In base 4, what is 23020300 - 31?
23020203
In base 8, what is 2 - -362323?
362325
In base 15, what is -8 - -540b?
5403
In base 16, what is -1b - -6756?
673b
In base 7, what is 502 + -1053?
-251
In base 15, what is 0 + -1b9e9?
-1b9e9
In base 9, what is 4136 - 1?
4135
In base 14, what is 2 - -18b69a?
18b69c
In base 5, what is 14 - -1222024?
1222043
In base 15, what is -192a1 + 1?
-192a0
In base 10, what is -3627 - 22?
-3649
In base 14, what is 2 + -407b?
-4079
In base 13, what is 1 - -10730b?
10730c
In base 8, what is -33 + -1674?
-1727
In base 2, what is 1001011101110001 - 111110?
1001011100110011
In base 15, what is 4 + -d13d?
-d139
In base 13, what is 4 + 123b6?
123ba
In base 8, what is -532 - -231?
-301
In base 13, what is -445a3b - 2?
-445a40
In base 5, what is 34133423 - -2?
34133430
In base 13, what is -43cb - -7c?
-434c
In base 3, what is -11 - 101200102120?
-101200102201
In base 3, what is 10 - -100010212220?
100010220000
In base 6, what is 30414 - -24?
30442
In base 6, what is -232 + 44444?
44212
In base 15, what is -13313 - -36?
-132cc
In base 11, what is 54a - 608?
-69
In base 5, what is -3 - -142002?
141444
In base 14, what is -641 - c?
-64d
In base 3, what is -10002000100 - -20?
-10002000010
In base 16, what is -1 + -51be7?
-51be8
In base 8, what is 1501 - -30?
1531
In base 16, what is -a56 + 7?
-a4f
In base 10, what is -1 - 35740?
-35741
In base 9, what is -1355085 - 2?
-1355087
In base 14, what is -10aad - -7?
-10aa6
In base 7, what is 3 - -130164?
130200
In base 16, what is 3e0 - 82?
35e
In base 5, what is -221 - 4242?
-10013
In base 4, what is 1133122112 + -3?
1133122103
In base 4, what is 2301221 - -2?
2301223
In base 10, what is 733 - -87?
820
In base 11, what is -83860 + -8?
-83868
In base 2, what is -100101 - -110110010100?
110101101111
In base 15, what is 13a27 + 1c?
13a44
In base 6, what is 21 + -42330?
-42305
In base 13, what is -2 - -5339?
5337
In base 7, what is -3 - -42501?
42465
In base 6, what is -414222 + -123?
-414345
In base 6, what is 215122 - 51?
215031
In base 10, what is -41 + -8687?
-8728
In base 13, what is -3 - 18a7c3?
-18a7c6
In base 12, what is 3921 - 444?
3499
In base 2, what is 1101011111000000010 + -1?
1101011111000000001
In base 6, what is -14550 - 22?
-15012
In base 16, what is -24 + -5fe2?
-6006
In base 12, what is -3 - 2481?
-2484
In base 6, what is 310 - -2135?
2445
In base 7, what is 66 - 526?
-430
In base 2, what is -1011010001101110 + -101?
-1011010001110011
In base 7, what is -53606 + -41?
-53650
In base 2, what is 111111 - 110011010101?
-110010010110
In base 13, what is 58 + -57?
1
In base 4, what is 2323 - 1012?
1311
In base 7, what is 2421634 - 15?
2421616
In base 5, what is 1300302 - 3?
1300244
In base 16, what is 3 + fca24?
fca27
In base 8, what is -77141 - 2?
-77143
In base 5, what is 0 + -11003122?
-11003122
In base 5, what is -1344 - 104413?
-111312
In base 12, what is -4 - 98a73?
-98a77
In base 8, what is 1 + -24731?
-24730
In base 12, what is -1819 + -3?
-1820
In base 14, what is 5 - 1117?
-1112
In base 13, what is -34b58 - 1?
-34b59
In base 6, what is 1210 + 354?
2004
In base 13, what is 0 + 1696b9?
1696b9
In base 12, what is -184613 + 2?
-184611
In base 9, what is 2 - 21752?
-21750
In base 14, what is -22d - -12?
-21b
In base 8, what is -65 - 5242?
-5327
In base 9, what is 0 + -125466?
-125466
In base 7, what is -11144 - -345?
-10466
In base 10, what is 950315 - 3?
950312
In base 5, what is 42101244 + 4?
42101303
In base 12, what is -7b6753 + -4?
-7b6757
In base 4, what is -23111 - -11032?
-12013
In base 16, what is -1b7892 - 2?
-1b7894
In base 12, what is 20 - -362?
382
In base 3, what is -1002222 + -2200?
-1012122
In base 5, what is 1322 - 210?
1112
In base 10